{"id":167,"date":"2022-08-22T08:30:32","date_gmt":"2022-08-22T07:30:32","guid":{"rendered":"https:\/\/musik-team-hessen.de\/?page_id=167"},"modified":"2022-08-22T19:38:52","modified_gmt":"2022-08-22T18:38:52","slug":"start","status":"publish","type":"page","link":"https:\/\/musik-team-hessen.de\/","title":{"rendered":"Herzlich Willkommen auf den Seiten des Musik Team Hessen"},"content":{"rendered":"\n<p><\/p>\n\n\n\n<p><\/p>\n\n\n\n<p class=\"has-medium-font-size\">Wir sind eine kleine Gruppe von ehemaligen und aktiven T\u00e4nzern, die sich seit Jahren intensiv mit Turniermusik f\u00fcr den eigenen Tanzclub besch\u00e4ftigen und Erfahrungen mit gro\u00dfen Veranstaltungen gesammelt haben.<\/p>\n\n\n\n<p class=\"has-medium-font-size\">Wir haben alle leider feststellen m\u00fcssen, dass bei vielen Turnieren, auch bei Landesmeisterschaften, die Auswahl der Musik manchmal nicht passend zu den startenden Klassen und Altersgruppen war und dadurch die Paare keine Chance hatten, entspannt und mit Genuss tanzen zu k\u00f6nnen.<br>Bei einer dieser Situationen kam uns die Idee, dem HTV vorzuschlagen ein Musikteam zu bilden, welches bei&nbsp; Veranstaltungen des Verbandes f\u00fcr die passende Musik verantwortlich werden sollte.<br>Seit 2009 diskutieren wir nun \u00fcber Musik, werten sie aus und katalogisieren zusammen um den T\u00e4nzer:innen die bestm\u00f6gliche Musik zu bieten.<\/p>\n\n\n\n<p class=\"has-medium-font-size\">Jeder von uns hat seinen Geschmack und Vorliebe f\u00fcr bestimmte Titel oder eine Musikrichtung, aber wir alle haben das gleiche Ziel:<\/p>\n\n\n\n<p class=\"has-medium-font-size\"><strong>\u201eWir wollen die Qualit\u00e4t der Turniermusik auf Turnieren verbessern. Wir m\u00f6chten jedem Turnierpaar die bestm\u00f6glichen Chancen geben, ihr K\u00f6nnen auf der Tanzfl\u00e4che den Wertungsrichtern und dem Publikum zu pr\u00e4sentieren und, wenn m\u00f6glich, auch Spa\u00df dabei zu haben!\u201c<\/strong><\/p>\n\n\n\n<p class=\"has-medium-font-size\">\u2026 und wenn die Turnierpaare \u201emitsingen\u201c und die Wertungsrichter \u201emitwippen\u201c, dann wissen wir, dass unsere Arbeit sich gelohnt hat!<\/p>\n\n\n\n<p class=\"has-medium-font-size\">____________________________________________________________________<\/p>\n\n\n\n<p class=\"has-medium-font-size\">\u201eDas Musik-Team Hessen verwendet ausschlie\u00dflich Musik, deren Original-Tontr\u00e4ger sich im Besitz des HTV oder der Team-Mitglieder befinden. Anfragen Dritter zur \u00dcberlassung der Musik zu eigenen Zwecken k\u00f6nnen aus rechtlichen Gr\u00fcnden nicht beantwortet werden. Die Internet-Seite stellt ausdr\u00fccklich nur ein Informationsangebot (<strong>d. h.&nbsp;<\/strong><strong>Empfehlungen f\u00fcr Musiktitel anhand unserer Erfahrungen<\/strong>) und ist keine Musik-Tauschb\u00f6rse!<\/p>\n\n\n\n<p class=\"has-medium-font-size\">Anders gesagt: Das Musik-Team-Hessen&nbsp;darf, kann und wird&nbsp;<strong>KEINE<\/strong>&nbsp;Musikst\u00fccke weitergeben!\u201c<\/p>\n","protected":false},"excerpt":{"rendered":"<p>Wir sind eine kleine Gruppe von ehemaligen und aktiven T\u00e4nzern, die sich seit Jahren intensiv mit Turniermusik f\u00fcr den eigenen Tanzclub besch\u00e4ftigen und Erfahrungen mit gro\u00dfen Veranstaltungen gesammelt haben. Wir haben alle leider feststellen m\u00fcssen, dass bei vielen Turnieren, auch bei Landesmeisterschaften, die Auswahl der Musik manchmal nicht passend zu den startenden Klassen und Altersgruppen [&hellip;]<\/p>\n","protected":false},"author":6,"featured_media":0,"parent":0,"menu_order":0,"comment_status":"closed","ping_status":"closed","template":"","meta":{"footnotes":""},"class_list":["post-167","page","type-page","status-publish","hentry"],"_links":{"self":[{"href":"https:\/\/musik-team-hessen.de\/index.php?rest_route=\/wp\/v2\/pages\/167","targetHints":{"allow":["GET"]}}],"collection":[{"href":"https:\/\/musik-team-hessen.de\/index.php?rest_route=\/wp\/v2\/pages"}],"about":[{"href":"https:\/\/musik-team-hessen.de\/index.php?rest_route=\/wp\/v2\/types\/page"}],"author":[{"embeddable":true,"href":"https:\/\/musik-team-hessen.de\/index.php?rest_route=\/wp\/v2\/users\/6"}],"replies":[{"embeddable":true,"href":"https:\/\/musik-team-hessen.de\/index.php?rest_route=%2Fwp%2Fv2%2Fcomments&post=167"}],"version-history":[{"count":11,"href":"https:\/\/musik-team-hessen.de\/index.php?rest_route=\/wp\/v2\/pages\/167\/revisions"}],"predecessor-version":[{"id":230,"href":"https:\/\/musik-team-hessen.de\/index.php?rest_route=\/wp\/v2\/pages\/167\/revisions\/230"}],"wp:attachment":[{"href":"https:\/\/musik-team-hessen.de\/index.php?rest_route=%2Fwp%2Fv2%2Fmedia&parent=167"}],"curies":[{"name":"wp","href":"https:\/\/api.w.org\/{rel}","templated":true}]}}